ist the prime factors of 10792130.
2, 5, 1079213
What are the prime factors of 40835?
5, 8167
What are the prime factors of 843406?
2, 421703
What are the prime factors of 19742569?
7, 11, 113, 2269
What are the prime factors of 6412369?
67, 95707
What are the prime factors of 132030?
2, 3, 5, 163
List the prime factors of 179459.
7, 31, 827
List the prime factors of 2226290.
2, 5, 11, 37, 547
List the prime factors of 416408.
2, 52051
List the prime factors of 42663732.
2, 3, 3555311
List the prime factors of 207203.
383, 541
List the prime factors of 1287218.
2, 23, 27983
List the prime factors of 12115.
5, 2423
List the prime factors of 195381.
3, 17, 1277
List the prime factors of 494290.
2, 5, 49429
List the prime factors of 330661.
330661
List the prime factors of 152912.
2, 19, 503
List the prime factors of 11041293.
3, 3680431
List the prime factors of 232857.
3, 25873
What are the prime factors of 12390862?
2, 11, 311, 1811
What are the prime factors of 8078498?
2, 4039249
List the prime factors of 5767223.
7, 11, 619
What are the prime factors of 9812960?
2, 5, 61331
What are the prime factors of 1058728?
2, 11, 53, 227
List the prime factors of 257081.
11, 23371
List the prime factors of 2518908.
2, 3, 7, 157, 191
List the prime factors of 13611532.
2, 11, 28123
What are the prime factors of 449591?
449591
What are the prime factors of 126485?
5, 41, 617
What are the prime factors of 33378?
2, 3, 5563
List the prime factors of 249537.
3, 223, 373
List the prime factors of 10371.
3, 3457
List the prime factors of 1895267.
11, 172297
List the prime factors of 73130.
2, 5, 71, 103
What are the prime factors of 9193175?
5, 17, 97, 223
List the prime factors of 29442.
2, 3, 7, 701
What are the prime factors of 4731024?
2, 3, 98563
What are the prime factors of 734155?
5, 359, 409
What are the prime factors of 337205?
5, 11, 6131
List the prime factors of 482385.
3, 5, 32159
List the prime factors of 195353.
195353
What are the prime factors of 1684974?
2, 3, 31, 9059
List the prime factors of 2132058.
2, 3, 355343
What are the prime factors of 313567?
313567
List the prime factors of 1723307.
17, 67, 89
What are the prime factors of 124662?
2, 3, 79, 263
What are the prime factors of 911725?
5, 36469
List the prime factors of 2034824.
2, 11, 19, 1217
What are the prime factors of 254133?
3, 11, 17, 151
What are the prime factors of 11024311?
11024311
What are the prime factors of 441347?
23, 31, 619
What are the prime factors of 241951?
241951
What are the prime factors of 265262?
2, 132631
List the prime factors of 1455912.
2, 3, 73, 277
List the prime factors of 118159.
173, 683
What are the prime factors of 7448619?
3, 23, 107951
What are the prime factors of 2082503?
2082503
What are the prime factors of 11471315?
5, 397, 5779
List the prime factors of 2755639.
1117, 2467
List the prime factors of 4170603.
3, 37, 37573
What are the prime factors of 8057463?
3, 19, 141359
List the prime factors of 9813135.
3, 5, 654209
List the prime factors of 24482035.
5, 1871, 2617
What are the prime factors of 229555?
5, 31, 1481
List the prime factors of 23632319.
173, 136603
List the prime factors of 2770126.
2, 97, 109, 131
List the prime factors of 2459222.
2, 467, 2633
List the prime factors of 41181.
3, 7, 37, 53
List the prime factors of 1126116.
2, 3, 10427
List the prime factors of 3663795.
3, 5, 244253
What are the prime factors of 1302572?
2, 325643
What are the prime factors of 3012273?
3, 11, 30427
What are the prime factors of 49749?
3, 7, 23, 103
List the prime factors of 109386.
2, 3, 59, 103
What are the prime factors of 4637419?
29, 159911
List the prime factors of 588610.
2, 5, 11, 5351
What are the prime factors of 4285645?
5, 7, 13, 9419
List the prime factors of 5119611.
3, 7, 131, 1861
What are the prime factors of 4319027?
4319027
What are the prime factors of 5023076?
2, 113, 11113
List the prime factors of 15782325.
3, 5, 13, 16187
List the prime factors of 458983.
7, 17, 19, 29
What are the prime factors of 447135?
3, 5, 13, 2293
List the prime factors of 14760586.
2, 7380293
List the prime factors of 3727257.
3, 1242419
List the prime factors of 2715626.
2, 109, 12457
List the prime factors of 2116615.
5, 423323
List the prime factors of 1759771.
13, 135367
What are the prime factors of 92966?
2, 23, 43, 47
List the prime factors of 268781.
268781
List the prime factors of 10942062.
2, 3, 19, 53, 1811
List the prime factors of 191719.
11, 29, 601
What are the prime factors of 26642?
2, 7, 11, 173
List the prime factors of 160876.
2, 37, 1087
List the prime factors of 1660634.
2, 37, 22441
What are the prime factors of 8099423?
73, 110951
What are the prime factors of 107873?
107873
List the prime factors of 484976.
2, 17, 1783
What are the prime factors of 195413?
195413
List the prime factors of 18226196.
2, 1847, 2467
List the prime factors of 9126962.
2, 13, 351037
What are the prime factors of 158525?
5, 17, 373
List the prime factors of 9397687.
13, 722899
What are the prime factors of 1939116?
2, 3, 283, 571
What are the prime factors of 35258450?
2, 5, 705169
List the prime factors of 754058.
2, 29, 13001
List the prime factors of 15387429.
3, 29, 137, 1291
List the prime factors of 7110719.
7, 11, 92347
List the prime factors of 4158901.
199, 20899
What are the prime factors of 24841062?
2, 3, 233, 5923
List the prime factors of 4926361.
11, 79, 5669
What are the prime factors of 288213?
3, 23, 4177
What are the prime factors of 6131065?
5, 1226213
What are the prime factors of 59274?
2, 3, 37, 89
List the prime factors of 47180.
2, 5, 7, 337
List the prime factors of 343982.
2, 293, 587
List the prime factors of 248481.
3, 9203
What are the prime factors of 3559741?
3559741
What are the prime factors of 3111186?
2, 3, 13, 39887
What are the prime factors of 1559468?
2, 389867
List the prime factors of 3123309.
3, 7, 21247
List the prime factors of 320645.
5, 13, 4933
List the prime factors of 2617317.
3, 41, 173
List the prime factors of 674932.
2, 31, 5443
What are the prime factors of 2001864?
2, 3, 239, 349
What are the prime factors of 3361823?
3361823
List the prime factors of 1433086.
2, 716543
List the prime factors of 1536753.
3, 512251
List the prime factors of 649684.
2, 7, 23203
List the prime factors of 477920.
2, 5, 29, 103
What are the prime factors of 5870876?
2, 11, 29, 43, 107
List the prime factors of 6083588.
2, 7, 217271
What are the prime factors of 4348495?
5, 23, 37813
List the prime factors of 9744821.
71, 137251
List the prime factors of 14520167.
14520167
What are the prime factors of 261775?
5, 37, 283
What are the prime factors of 858520?
2, 5, 13, 127
List the prime factors of 491383.
487, 1009
List the prime factors of 578899.
47, 109, 113
List the prime factors of 8004246.
2, 3, 17, 97, 809
List the prime factors of 1396055.
5, 279211
List the prime factors of 8854741.
7, 19, 9511
List the prime factors of 5202.
2, 3, 17
What are the prime factors of 7096851?
3, 29, 27191
What are the prime factors of 465360?
2, 3, 5, 7, 277
List the prime factors of 441969.
3, 11, 59, 227
What are the prime factors of 41068?
2, 10267
List the prime factors of 470902.
2, 23, 29, 353
List the prime factors of 8631360.
2, 3, 5, 37
List the prime factors of 5493263.
67, 163, 503
List the prime factors of 1701919.
239, 7121
What are the prime factors of 6475214?
2, 3237607
What are the prime factors of 756345?
3, 5, 50423
List the prime factors of 2344.
2, 293
List the prime factors of 3441841.
13, 264757
What are the prime factors of 435946?
2, 7, 31139
What are the prime factors of 190491?
3, 7, 47, 193
What are the prime factors of 6379164?
2, 3, 11, 89, 181
List the prime factors of 3273450.
2, 3, 5, 139, 157
List the prime factors of 12587319.
3, 155399
What are the prime factors of 19297?
23, 839
What are the prime factors of 163108?
2, 11, 337
List the prime factors of 13118233.
61, 83, 2591
List the prime factors of 8796071.
8796071
What are the prime factors of 23546654?
2, 163, 72229
What are the prime factors of 4315973?
23, 187651
List the prime factors of 885217.
885217
List the prime factors of 8593142.
2, 4296571
What are the prime factors of 11297596?
2, 2824399
List the prime fac